Give l(-5).
-4
Let h be ((-15)/(-5) - 1)/(6/(-9)). Let w(o) = 5*o + 2*o - 3*o. Give w(h).
-12
Suppose 6 = -2*j + 14, 2*m = 4*j + 4. Let t(i) be the first derivative of -1/2*i**2 + 4*i - m. What is t(-5)?
9
Let a(u) = -1966*u + 3936*u - 1963*u. What is a(1)?
7
Let n(d) = -d**2 - d - 9. Suppose -7*x = -4*x - 15. Let l(g) = 10 + 156*g - 156*g + g**2. Let z(f) = x*n(f) + 4*l(f). Determine z(-5).
-5
Let a(h) = -h**2 - 6*h - 4. Let r be (5/30 + (-1)/(-2))*30. Suppose 5*u = 2*s + 3*s - 30, 3*u + 26 = 4*s. Suppose r = -3*f + s. Calculate a(f).
4
Suppose 5*d + 3*n + 27 - 6 = 0, -4*n = 5*d + 18. Let f(h) = -8*h - h + 0*h - h**2 - 2 + 3*h. Calculate f(d).
-2
Let p(r) = -1 + 7 - r**2 - 4. Let b(c) = -c**2 + 12*c + 16. Let w be b(13). Calculate p(w).
-7
Let m(s) = s + 32. Let b be m(-28). Let x(k) = -3*k + 3. Give x(b).
-9
Suppose -36 = -4*p + 3*o + 48, 5*p - 2*o = 105. Let n(t) = -41*t + 23*t - 9 + p*t. Determine n(6).
9
Let d(p) = 2*p**2 - 3*p - 5. Let r(s) = 3*s**2 - 7*s - 11. Let h(g) = 5*d(g) - 3*r(g). Give h(-4).
0
Suppose -2*z + n + 9 = 0, -z - n + 12 = -0*z. Let k(w) = -5 + w - 3*w**3 + 2*w**3 + 73*w**2 - z*w - 67*w**2. What is k(5)?
-10
Let k = -9 + 12. Let m be -5 - 6/(-3) - k. Let u(y) = 5*y + 10. Let a(n) = -15*n - 29. Let c(i) = m*a(i) - 17*u(i). Determine c(-3).
-11
Let o be -3 + 1/(2/12). Let c(a) = 2*a**2 - 11*a - 10. Let u(m) = -5*m**2 + 32*m + 30. Let g(h) = o*u(h) + 8*c(h). What is g(-7)?
3
Let b(j) be the second derivative of -j**3/6 + j**2/2 + 3*j. Let t(v) = -v**2 + 4 - 4 + 9*v**3 - 5*v + 5. Let w(f) = 4*b(f) - t(f). Determine w(1).
-8
Let m = 1 + 7. Suppose -14 + 4 = -3*j + i, -2*i = m. Let c(f) be the third derivative of -f**5/20 + f**4/8 - f**3/3 + 9*f**2. What is c(j)?
-8
Let g(p) = 17*p. Let b(z) be the second derivative of z**3/3 + 9*z**2/2 + 16*z. Let w be b(-4). Give g(w).
17
Let b(d) = -6*d**2. Let n(h) = h**3 - 5*h**2 - 3*h + 15. Let j be n(5). Suppose -12*r + 9*r + 3 = j. Give b(r).
-6
Let w(s) = -7*s**2 + 2*s - 12. Let o(c) = -16*c**2 + 2*c - 25. Let d(a) = -4*o(a) + 9*w(a). What is d(-10)?
-8
Let n(o) = o**3 - 2*o**2 + 4*o - 3. Let l be (-1)/((33/9 - 3)/(-2)). Give n(l).
18
Let i(z) = 2*z**2 - 663*z - z**3 - 3 + 2 + 669*z. Let t be (1/(-3))/((-1)/12). Determine i(t).
-9
Let u(x) = -1. Let k(r) = 3*r + 15. Let f(n) = -k(n) - 18*u(n). Let g = 28 - -1. Suppose o = 2 - 6, 3*t + 5*o = -g. Determine f(t).
12
Let j(z) be the second derivative of z**5/20 - z**3/6 - 2*z. Let x = 21 + -21. Suppose 3*y - 7*y + 4 = x. Calculate j(y).
0
Let k = -10 - -4. Let l(u) = u - 1. Let i(a) = -13. Let m(z) = -z + 13. Let n(h) = -5*i(h) - 6*m(h). Let b(c) = 5*l(c) - n(c). What is b(k)?
14
Let c(a) = -a**3 + 5*a**2 - 5. Let x(u) = -2*u + 15. Let w be 6/(-4)*(0 - -10). Let g = 20 + w. Let j be x(g). Determine c(j).
-5
Let s(j) be the first derivative of -j**2 - 22*j - 333. Give s(-7).
-8
Let l(c) = -c**3 + 7*c**2 - 8*c + 8. Suppose -g + 8 = -3. Suppose -5*j = 5*h - 2 - 23, g = 3*h + 2*j. Let i be 5 - h - 44/(-22). Give l(i).
-4
Let x(n) = -1 + 5*n**2 + n**3 - 4*n**2 - n + 1 + 3. Let q be x(0). Suppose 2*t = 3*z - 14, 0*t - q*z = 2*t + 2. Let h(o) = -2*o - 6. Determine h(t).
2
Let h(m) = -m**3 - m**2 + 9*m + 4. Let v be h(-3). Let b(w) = -4*w - 10. Determine b(v).
10
Let h(b) = -2*b - 15. Let x(d) = -3*d - 17. Let t(o) = -5*h(o) + 4*x(o). Give t(7).
-7
Let g(j) = j**2 - 2*j - 1. Let c be (-9)/(-18) - 9/6. Let h be (4/5)/(c/(-5)). Calculate g(h).
7
Let o(m) = 2*m**3 + 9*m**2 - 7*m - 3. Let r be o(-5). Let j(b) = 4 - 5 + 8*b - 2 - b**2. Give j(r).
4
Let d be (-7 - 0) + -4 + 7. Let m be d/(-14) + 150/14. Let a(g) = -3*g + g**3 - 2*g**2 - m + 5 + 9. Calculate a(2).
-3
Let i(g) = -121*g + 11*g**2 - 116*g + 229*g - g**3 - 23. Calculate i(10).
-3
Let j(f) be the second derivative of f**5/20 + f**4/4 + f**3/3 + 2*f**2 - f. Let d(i) = 2*i - 1 + 7 - 31. Let u be d(11). What is j(u)?
-2
Let s = 78 - 42. Suppose 4*x + 5*d = 44, 0*x - s = -4*x - 3*d. Let k(g) = 5*g + 25*g**2 - 2*g**3 - 32*g**2 + 4 + 3*g**3. Determine k(x).
-2
Let k(w) = -w + 2. Let q(a) = -a - 17. Let r be q(-15). Let o be r/(-10) + (-104)/20. Let l = 1 - o. What is k(l)?
-4
Let m(h) = -h**2 + 6*h - 6. Let u(l) = 2*l**2 - 5*l + 5. Let y(q) = 2*m(q) + 3*u(q). Let i(r) = -r**3 - 5*r**2 - 10*r - 22. Let x be i(-4). Calculate y(x).
13
Let x(t) = -t**3 + 5*t**2 + 6*t - 6. Suppose -2*z = -z - 6. Suppose -3*p - 81 = -5*h, -2*h + 5*p + 33 = 4*p. Suppose h = z*f - 3*f. Calculate x(f).
-6
Let f(p) be the first derivative of -p**4/2 - 10*p**3/3 - p**2/2 - 2*p - 79. Determine f(-5).
3
Let h = 8 + -3. Let s(u) = -u**2 - 13*u - 40. Let z be s(-6). Suppose -k + g - z*g - 1 = 0, -g = -3*k + h. Let j(v) = -13*v**3 - v**2 + 1. Give j(k).
-13
Let z(l) be the first derivative of l**2/2 + 14*l - 78. Give z(-9).
5
Let m = 209 - 213. Let z be 36/8 + (-1)/2. Let b(c) = 0*c + c - 6 + c - z*c. Give b(m).
2
Let p be 42/(-14)*(-16)/6. Let r(a) = -a**3 - 5*a**2 - 2*a - 1. Let i be r(-5). Let h(m) = -i*m + p*m - m - 7. Calculate h(-6).
5
Let m(s) = s**3 + 3*s**2 + 10*s + 14. Let o(u) = u**3 + 2*u**2 + 10*u + 15. Let c(b) = -6*m(b) + 5*o(b). Suppose 117*f - 116*f = -6. What is c(f)?
-21
Let n be (-2 + 12/9)*3. Let q be (4/10)/(n/10). Let m = -1 + q. Let c(u) = -3*u - 2. Calculate c(m).
7
Let n(l) = l. Suppose -2*s + 150 = 2*s - 3*u, 5*s - 2*u = 191. Let g = -21 + s. Suppose 8 = 2*t + g. What is n(t)?
-5
Suppose 110 = -10*o + 10. Let g be 9/((8 + o)*1/2). Let t(m) = -m**2 - 10*m - 11. Calculate t(g).
-2
Let k = 0 + 3. Suppose 0 = j - 3*d - 12, 4*j + 3 = 8*j - k*d. Let v(c) = -199*c + 4. Let n(b) = 33*b - 1. Let r(t) = -6*n(t) - v(t). Give r(j).
-1
Let q be 5/5 - 4 - 2. Let m(i) = i**2 + 2*i + 7. What is m(q)?
22
Let q(k) be the first derivative of k**4/2 + 14*k**3/3 - 5*k**2/2 - 6*k + 730. Calculate q(-7).
29
Let w(y) = -4*y + 1. Let j(b) = -b + 1. Let u(s) = 3*j(s) - w(s). Suppose 14*a - 17*a - 45 = 0. Let q be ((-39)/a - 3)*10. What is u(q)?
-2
Let i(u) = 13*u**2 - 4*u - 2. Let l(y) = -10*y**2 + 4*y + 1. Let t(d) = -4*i(d) - 5*l(d). Give t(-4).
-13
Let k be (32/6 - 2)/((-1)/3). Let a(l) = -l**3 - 11*l**2 - 10*l - 1. What is a(k)?
-1
Let w(d) be the first derivative of 3*d**2/2 - 22*d + 231. Determine w(8).
2
Let b(w) = w**3 - 4*w**2 - 5*w + 2. Let z be b(5). Let n(d) = 2*d - d - z + 6*d - 3*d. Determine n(3).
10
Let f = -17 - -22. Suppose -q + 4 = -i, -q - i - 3*i - 6 = 0. Let k(p) = -p - 2*p + q*p. What is k(f)?
-5
Let k(p) be the second derivative of -p**3/6 - p**2/2 + 41*p - 1. What is k(9)?
-10
Let a(f) = -15*f + f**3 - 8 + 15*f + 18 + 5*f**2. What is a(-5)?
10
Let u(m) = m - 6. Let b(r) = 1. Let g = 91 - 92. Let k(d) = g*u(d) - 6*b(d). Determine k(-3).
3
Let t = -71 - -73. Let c(i) = 4*i**t - i + 0 - 4 + 6 - 7*i**2. Calculate c(-2).
-8
Let x(u) = u**2 + 6 + 5*u + 21*u**3 - 20*u**3 + 3*u**2. Let m be x(-3). Let j(a) = -a**2. Calculate j(m).
0
Let w(d) be the first derivative of -2*d**3/3 + 2*d**2 - 5*d - 84. Determine w(4).
-21
Let s(k) = 138 - 79 - 53 + 3*k - 2*k. Suppose 20 = 3*h + 2*h. Suppose h*j + 6 + 0 = t, 2*j = 5*t + 24. Determine s(t).
0
Let q(d) = 3*d**2 - 21*d + 3. Let n(t) = -7*t + 19 - 8 - 8 - 2 + t**2. Let b(k) = 8*n(k) - 3*q(k). Determine b(6).
5
Let j be (-8 + 2)*2/3. Let h(g) = 2*g**2 + 2*g + 1. Let n(o) = o**3 + o**2 - o - 5. Let d(p) = -2*h(p) - n(p). What is d(j)?
-1
Let l(b) be the third derivative of -1/30*b**6 + 0 + 1/30*b**5 - 1/12*b**4 + 0*b + 1/6*b**3 - 6*b**2. What is l(1)?
-3
Let h(u) = -u + 25. Let t be h(22). Suppose -t*s + 2*z + 6 = s, z = -s + 9. Let f(v) = -v + 1. Determine f(s).
-3
Let q(v) = -v**3 - 7*v**2 - v - 1. Let o(k) = 18*k**2 + 235*k + 6. Let p be o(-13). Determine q(p).
6
Suppose 0 = 8*w + 33 - 1. Let n(x) = x**2 + 6*x + 2. Give n(w).
-6
Let f(c) = 4*c**2 - 5*c**2 + 0*c**2 + 4*c**2 - 7*c - 2*c**2 + 2. Calculate f(6).
-4
Let z be (-1 - -2)/(-3)*-3. Let j be z/5 - 81/(-45). Let k(d) = 13 + 3 - 6*d - 7 - d**j. What is k(-7)?
2
Let m = 25 - 20. Let s(k) = 24 + k - m*k**2 - 10 - 15. Let h be s(1). Let t(j) = -j - 7. Determine t(h).
-2
Let a(x) = -x + 20. Let j(i) = i**2 + 25*i - 14. Let k be j(-26). Give a(k).
8
Let f(d) = 31 - 26 - 12*d + 17*d - 14*d. What is f(1)?
-4
Let r(x) = 2*x**3 - 9*x**2 - 6*x + 8. Let b(k) = -3*k**3 + 17*k**2 + 11*k - 16. Let m(p) = 3*b(p) + 5*r(p). G